-1 - -7 - (-20 + 28).
-2
What is the value of -8 - (-4 + (0 + -6 - -5))?
-3
-1 - 3 - (44 - 43) - -2
-3
What is the value of 4 + (0 + (-2 - -2) - 4)?
0
What is the value of -25 - -27 - (-3 - 1)?
6
What is the value of 1 - -3 - (0 - -4) - -5?
5
What is 13 + (-16 - -7) - 9?
-5
What is 1 + 2 + 1 - (104 - 102)?
2
Evaluate -2 - (0 + 2 + 1 - 2).
-3
-13 - -2 - (-5 + 1 + -2)
-5
Calculate -8 + 0 + 22 - 8.
6
What is 1 + (-6 - -3) + 2 - -4?
4
Evaluate 4 - (-2 + -3 + (1 - -7)).
1
What is the value of -4 + (2 - ((0 - 4) + -1))?
3
Evaluate 0 + (-1 - -1 - (1 + -2)).
1
Evaluate (3 - -2 - 2) + -3.
0
Calculate 1 + -1 - (-21 + (35 - 9)).
-5
What is -10 + (-15 - -34 - 6)?
3
Calculate -3 + 2 + 3 + 3.
5
What is the value of 1 + -5 + (7 + -3 - 3)?
-3
Calculate 2 + (9 - 8) + -12.
-9
(-7 + 13 - (0 + 4)) + 4
6
-1 + (4 - 6 - (1 - 0))
-4
What is (1 - 2) + -3 + 6 + -3?
-1
Evaluate -1 + 0 + -1 + 39 + -38.
-1
What is the value of 12 + -9 + -1 - -6?
8
Calculate (1 - -2) + -8 + 6.
1
What is the value of 7 - 6 - 2 - (1 - 1)?
-1
Evaluate (2 - 2) + -7 + (4 - 0).
-3
(-1 - -1) + (-2 - (-8 + 10))
-4
What is the value of 5 + (-6 + -1 + 1 - -3)?
2
What is -4 + (4 - (3 + 8) - -2)?
-9
Calculate -3 - (0 - -2) - -9.
4
Evaluate 53 - 65 - (0 + -9 + 3).
-6
What is the value of 5 + -6 + 5 + (0 - -1)?
5
Evaluate (-1 + -2 - 3) + 2.
-4
What is -1 + 1 + -14 + 11 + 2?
-1
What is -4 - (2 - 2) - -5?
1
14 + -3 - 2 - (3 - -2)
4
(49 - 44) + (-1 - 2) - -6
8
-3 - (4 - (1 + 3)) - 3
-6
Evaluate 6 - (-1 - -10 - (-4 - -5)).
-2
What is 0 + 7 + (-2 - 6) - 6?
-7
What is 2 - (1 + -1 + 1 - 2)?
3
5 + 0 + -4 + (0 - 4)
-3
What is the value of (-11 + 7 - -2) + -5 - -2?
-5
Evaluate 10 + (12 - (14 + -3)).
11
What is (2 - 0) + 1 - 3 - 2?
-2
What is 1 + (-7 - (-4 + -1)) - 5?
-6
-5 - (2 + -1) - -3
-3
5 - 1 - (2 + 3)
-1
Calculate 12 + (15 - 7 - 12) - 0.
8
-11 + (12 - (-13 + 12))
2
What is the value of 3 - ((4 - -2) + (0 - -2))?
-5
What is the value of -5 + (-2 - 12) + 23?
4
4 + 0 + -9 - -4
-1
What is 2 - (2 + 5 - 4) - -1?
0
What is 6 + (14 - 6) - (1 - -3)?
10
What is the value of 2 - (-1 - -1) - (-37 - -41)?
-2
What is the value of 4 + (8 + -8 - (9 - 1))?
-4
Evaluate -1 + -1 + -2 + 2 + 2.
0
(-4 + 6 - 10) + 2
-6
What is -10 + 13 - (2 + -3)?
4
Calculate -8 - (-7 - -3 - -1).
-5
What is -5 + -7 + 15 + (3 - 0)?
6
What is 2 + 5 + -10 + -1?
-4
Calculate 6 - (17 - 1 - 8).
-2
Evaluate -12 - (13 - 16 - -2).
-11
Evaluate 11 - 1 - 20 - -2.
-8
What is 4 + -3 - 4 - (-1 - 6)?
4
Evaluate 2 + 7 + (-9 - -3) + -1.
2
Evaluate -1 + -7 - (3 + -14 + 8).
-5
What is -3 - 1 - (-4 - (1 + -1))?
0
Calculate 6 + (-4 + 5 - 4).
3
Evaluate (0 - (2 - 4)) + -3.
-1
(-19 - (2 - 8)) + 13
0
What is (-15 - -8) + 1 - (0 + -1)?
-5
What is the value of (-6 - -8) + (1 - 6) - -3?
0
Evaluate (-28 - -19) + 1 + 12.
4
What is the value of (-8 - -1) + (29 - 24)?
-2
What is the value of (-1 - 11) + 7 + 6 + 1?
2
What is (-4 + -10 - -10) + 11?
7
Evaluate -12 + 0 + (-1 - (11 + -16)).
-8
Evaluate -5 + (-12 - -16) + (2 - -2).
3
What is the value of 1 + -6 + 4 - (2 + -3)?
0
What is 53 + -54 - (-1 - (0 - 1))?
-1
What is -8 + (-5 - -10) + 2?
-1
Evaluate (-2 - -6 - -3) + -2.
5
What is -13 - -7 - -4 - 2?
-4
What is the value of 16 - 18 - 6 - (-3 + -2)?
-3
Calculate -1 + 10 + 1 + 0 + -6.
4
Calculate 2 + (0 - -1 - (2 - 1)).
2
What is the value of -5 + (-8 + 4 + 5 - 2)?
-6
What is 2 + (-3 - (-6 - -9)) + 11?
7
Calculate 12 + (4 - 14) - 3.
-1
0 + 1 + 1 - (1 - 5)
6
What is the value of 7 - (6 + 4 + 1)?
-4
Calculate -2 - 5 - (16 + (-10 - 8)).
-5
What is the value of 3 - 4 - (2 + 2) - -3?
-2
6 + (0 + -1 - 8) - -10
7
What is 6 + -1 + 24 + -31?
-2
What is (-2 - 3) + 3 + 3 + -4?
-3
Calculate -4 - (5 + -13) - 5 - 6.
-7
Evaluate -12 - (-24 + 4) - (3 + -1).
6
Evaluate -4 - (-4 + (-4 - (-3 + 4))).
5
38 + -36 - (1 + 4)
-3
What is the value of 2 + 0 - ((-6 - 0) + 4)?
4
What is -9 + (1 + -3 + 9 - 2)?
-4
What is the value of -8 + -1 + 10 + (11 - 16)?
-4
What is -2 + 1 - (3 + 2 + -2)?
-4
Evaluate -2 + 7 + (-7 - -9 - 14).
-7
Evaluate 3 - (-5 + 12 + -7 + -2).
5
Evaluate -6 + (1 - (3 + -3)).
-5
2 + (0 - -1) - (3 - 2)
2
Evaluate -1 - (5 + -10 - (0 + -2)).
2
Evaluate 7 + -2 - (7 - (5 + -2)).
1
Calculate (2 - 1) + (-24 - -19) + 3.
-1
What is (0 - 4) + 3 - 3?
-4
Calculate (3 - -1) + 3 + -2.
5
What is 0 - -2 - (6 - -4 - 8)?
0
Evaluate -14 - (-11 - (4 - 1 - 9)).
-9
1 + (5 - (-3 - (-2 - 2)))
5
Evaluate -5 + 3 + (-5 - -4 - 1).
-4
Calculate -5 + 7 + -4 + (8 - 2).
4
What is the value of -4 + 8 + 2 + -3?
3
Calculate -5 - -2 - (-4 - -4).
-3
Calculate -4 + (4 - -2) + -6 + -1.
-5
What is the value of (-8 - -2) + (5 - 0)?
-1
Evaluate (-4 - -1) + 4 - 5.
-4
What is the value of 1 - ((3 - 4) + -3 - -6)?
-1
What is the value of 10 + -3 + (4 - 6)?
5
What is -61 - -66 - (0 + 1)?
4
Calculate 3 + (-7 - -4 - -6).
6
Evaluate -7 - (3 + -8) - -3 - 0.
1
(2 - (-4 + 2)) + -8 - -4
0
What is the value of 4 + -22 - -19 - (5 + 1)?
-5
What is (6 - 6) + -2 + 7 + -1?
4
Calculate 1 - (1 + (-2 - 1)).
3
Calculate 0 - (2 + -1) - (-7 + 4).
2
What is the value of (1 - -3) + -8 - 1?
-5
104 + -106 + -1 + 7
4
What is the value of 0 + (3 - (-1 - 1))?
5
-4 + (9 - (3 - 0)) + 0
2
What is 7 - 14 - 2 - (-5 - 0)?
-4
What is 0 + (8 - (14 - 7))?
1
0 - 0 - (1 - -2)
-3
Evaluate 8 - 1 - 5 - (-1 - -4).
-1
Evaluate -6 + 5 + 7 - 8.
-2
2 + -2 + 5 + -3
2
Calculate (-4 - 3) + -1 - -4.
-4
Evaluate -10 - (-2 - -1) - -10.
1
What is the value of -3 + 4 - (-3 - (1 - 0))?
5
What is 14 - 15 - (-1 - (-3 - -1))?
-2
0 + -6 + 4 + -5 + 9
2
Evaluate -4 + 2 - (1 + -9 - -2).
4
Calculate 1 + -1 + (-41 - -44).
3
Evaluate (-1 - 2) + 22 + -22.
-3
Evaluate -5 + 8 + (-13 + 6 - -2).
-2
Evaluate 0 - 1 - (-8 + 5).
2
What is (3 - -2 - 5) + -5 + 2?
-3
What is the value of -2 - (-1 - (3 + -8))?
-6
-37 + 28 - (-7 + 1)
-3
Calculate 1 + (9 + -5 - 9).
-4
What is the value of 2 + -1 + 4 + -1 - 4?
0
2 - (0 + 1 - 4 - -5)
0
Calculate -1 - 1 - (-9 + -4 + 13).
-2
What is the value of 15 + -12 - (7 + 1) - -1?
-4
What is the value of 1 - (2 - -2 - 3)?
0
What is -8 + (-5 - (7 + -8)) + 11?
-1
Evaluate -8 - (-2 - 5) - -1.
0
Evaluate -5 + 6 + (-2 - 3) + 0.
-4
What is the value of -7 - (0 + -3 - 6 - -7)?
-5
What is 2 + (5 + -7 - -9)?
9
What is (-2 - 0 - (-3 - 1)) + -1?
1
What is -6 - 0 - -1 - -2?
-3
Evaluate (-22 - -20) + (0 - 1 - 1).
-4
Evaluate 3 - (3 + 2 + -4 - -4).
-2
What is -6 - -6 - (-3 - -7)?
-4
Evaluate 0 + (2 - (1 - 3)).
4
Calculate (13 - (1 + 1)) + (38 - 42).
7
-3 - (4 - (-4 + 7) - -2)
-6
Calculate (-1 - 5) + -4 + 6.
-4
0 + 1 + -11 + 14
4
What is 158 - 170 - (-2 + -6)?
-4
What is the value of 86 - 75 - (-1 - -9)?
3
What is 2 + -4 - (5 - 5)?
-2
(9 + -2 - (16 - 6)) + 4
1
Evaluate (-3 - -3) + (-1 + 4 - 0).
3
-2 - (-2 + 1 - -3) - -3
-1
Calculate -5 + 10 + 0 + -4.
1
Evaluate -58 - -44 - (-9 + 0).
-5
What is the value of -5 - -2 - (0 - 2)?
-1
Evaluate (4 - (2 + -2)) + -1 + -2.
1
Evaluate 5 + -2 - (7 - (1 - -3)).
0
What is the value of 7 + -3 + 3 - 3?
4
What is the value of 4 - ((-4 - (-4 + 3)) + 1)?
6
What is the value of 4 + (-7 - -4 - 1)?
0
(4 + -10 - 0) + 1
-5
Calculate 2 - (-2 - -5) - -3.
2
Calculate -5 + 1 + 2 + (1 - 3).
-4
Calculate (-2 - -4) + 4 + -1.
5
12 + -8 - -4 - 10
-2
What is 66 + -59 + -8 + 0?
-1
Evaluate -10 + 4 + (-2 - (-11 - 4)).
7
What is the value of (3 - (-1 - -2)) + 3 + -10?
-5
Calculate -7 + 3 + 1 + 2.
-1
What is -1 + 3 + 5 + -4 - -2?
5
Evaluate -2 - (-2 - (-5 - -2)).
-3
What is (-5 + 4 - 0) + (-6 - -2)?
-5
Evaluate (-2 - 3) + -9 + 16.
2
(1 + -2 - 3) + 0
-4
0 + (0 - 3) + 0 + 5
2
What is 8 - (10 - (3 - (-6 - -2)))?
5
What is 8 - (1 + 1) - (14 + -4)?
-4
Calculate -5 - -1 - (5 + -1 + -4).
-4
Calculate 1 - (2 + -2 + -1).
2
(-1 - -7) + -4 + -4
-2
Calculate 1 + -7 + -2 + 3.
-5
What is the value of (4 - (0 + 3)) + 2?
3
Evaluate -11 - (-10 - -6 - 3).
-4
9 + -6 - (0 - -5)
-2
Calculate 5 - (5 + 1 + -5).
4
What is -1 - (0 + 1 + (-8 - -3))?
3
-7 + -7 + 18 + -4 + -4
-4
39 - 30 - (0 - 1)
10
What is the value of (-2 - -2) + 1 + 0?
1
Calculate (-1 + -7 - -16) + -1 + -2.
5
Calculate (-1 - 1 - -2) + 10 + -12.
-2
-9 - (2 - 8 - -1)
-4
(1 - 1) + (23 - 22)
1
What is the value of (-1 + -3 - -10) + -2?
4
Evaluate -3 - 2 - (2 + 0).
-7
What is the value of -4 - (2 - (2 + 0 + -1))?
-5
Calculate 1 - (-3 + 5) - 2 - 1.
-4
What is the value of (6 - 2) + -1 + -6?
-3
Calculate -3 + 1 + (20 - 15).
3
-22 - (-6 - 2